est common factor of 402 and 13045101.
201
Calculate the greatest common divisor of 21 and 63902349.
21
Calculate the highest common factor of 32648 and 44819768.
2968
What is the greatest common divisor of 957477 and 27?
3
Calculate the greatest common divisor of 268594 and 161506.
46
Calculate the greatest common factor of 88 and 18641337.
11
What is the greatest common factor of 959 and 128471?
7
Calculate the greatest common divisor of 46 and 75005254.
46
Calculate the highest common factor of 57 and 44816383.
19
What is the highest common factor of 113371340 and 6820?
620
What is the greatest common factor of 1098877035 and 18930?
9465
What is the greatest common divisor of 16568665 and 1?
1
Calculate the highest common factor of 8094298 and 322.
46
Calculate the highest common divisor of 6074 and 116544875.
3037
Calculate the greatest common factor of 74137 and 1370778.
1513
Calculate the highest common divisor of 16832684 and 25102.
3586
Calculate the highest common divisor of 359652 and 489804.
204
What is the highest common divisor of 119 and 2651195407?
119
What is the greatest common divisor of 586120 and 69620?
20
Calculate the greatest common factor of 1979 and 28820177.
1979
What is the greatest common factor of 314352610 and 4420?
2210
What is the highest common divisor of 206392316 and 91?
13
What is the highest common factor of 19610 and 1016390?
370
What is the highest common divisor of 2224075 and 2032366?
1253
What is the highest common factor of 103012 and 861?
7
Calculate the highest common factor of 962400 and 2642000.
400
What is the greatest common factor of 1268991 and 83353?
779
Calculate the highest common factor of 41962713 and 3141.
1047
What is the greatest common factor of 14 and 15838802?
14
Calculate the greatest common divisor of 116048463 and 1797.
1797
What is the highest common factor of 769792 and 28324?
388
What is the highest common factor of 158360704 and 276?
92
What is the highest common factor of 439943 and 1241?
17
What is the highest common divisor of 36 and 10899432?
36
What is the highest common factor of 3259008 and 5064?
24
What is the greatest common divisor of 20844 and 1852524?
108
What is the highest common factor of 14545525 and 325?
25
What is the greatest common factor of 33914 and 5284?
2
What is the highest common divisor of 23304341 and 293?
293
Calculate the highest common divisor of 3654364 and 2744.
28
Calculate the highest common divisor of 2191640 and 253.
11
What is the highest common factor of 5824 and 266084?
364
What is the greatest common factor of 147521 and 2486?
11
Calculate the highest common divisor of 432112123 and 13389.
4463
What is the highest common divisor of 7544 and 15991394?
1886
What is the greatest common factor of 380 and 7729675?
95
What is the highest common factor of 53604 and 354348?
36
Calculate the greatest common divisor of 16240772 and 14380.
2876
Calculate the greatest common divisor of 624 and 3733548.
156
Calculate the highest common factor of 508088 and 830074.
2954
What is the greatest common divisor of 19235633 and 67?
67
What is the highest common divisor of 4386915 and 95355?
585
What is the highest common factor of 10908 and 97915662?
5454
What is the greatest common divisor of 254 and 565912?
254
Calculate the highest common factor of 310 and 143623.
31
What is the greatest common factor of 15262550 and 6128?
766
What is the highest common divisor of 138731388 and 304?
76
What is the highest common divisor of 2024 and 1305411?
23
What is the highest common divisor of 1632 and 12054496?
544
Calculate the greatest common factor of 92982 and 16290.
6
Calculate the highest common divisor of 59 and 30956179.
59
What is the highest common divisor of 771386 and 518?
14
Calculate the greatest common divisor of 608 and 49557472.
608
What is the highest common factor of 244 and 11458179?
61
What is the highest common divisor of 187684805 and 6545?
385
What is the greatest common divisor of 1644 and 89529637?
137
Calculate the greatest common divisor of 3536 and 2101931.
221
What is the highest common divisor of 22 and 830582962?
22
What is the highest common factor of 594 and 2303691786?
594
Calculate the highest common divisor of 61338596 and 44.
44
What is the greatest common divisor of 7038 and 183651?
51
What is the greatest common divisor of 6257776 and 62776?
3304
What is the greatest common factor of 630 and 1280034?
126
What is the greatest common divisor of 23 and 1941650?
1
What is the greatest common factor of 3223176 and 1073?
29
Calculate the greatest common divisor of 16026880 and 297920.
6080
Calculate the highest common factor of 37823999 and 43245.
961
Calculate the highest common factor of 23003244 and 603.
603
What is the highest common divisor of 96043673 and 341?
341
What is the highest common divisor of 2766 and 4858479?
1383
What is the highest common factor of 24 and 797494?
2
Calculate the highest common divisor of 300 and 4237620.
60
What is the highest common factor of 2061550 and 74650?
50
Calculate the highest common factor of 3844280 and 6760.
40
Calculate the highest common divisor of 33 and 81232833.
33
Calculate the greatest common divisor of 124 and 6268.
4
What is the highest common factor of 2396303 and 6643?
91
Calculate the highest common factor of 6584590 and 3526.
86
What is the highest common factor of 49 and 52318287?
7
Calculate the greatest common divisor of 284 and 6261419.
71
Calculate the greatest common divisor of 248 and 135119545.
31
Calculate the greatest common factor of 6515904 and 128.
64
Calculate the greatest common divisor of 259237816 and 103.
103
What is the greatest common factor of 20700 and 266547?
69
What is the greatest common factor of 15512 and 31738?
14
What is the highest common divisor of 5510 and 1089643825?
2755
Calculate the greatest common factor of 3677235 and 30.
15
Calculate the greatest common factor of 1729318167 and 2511.
2511
What is the highest common divisor of 2787700 and 33818?
914
Calculate the highest common divisor of 124 and 173620801.
31
What is the highest common divisor of 1175768 and 275?
11
Calculate the highest common factor of 150599 and 4932633.
2063
Calculate the highest common factor of 100 and 1025468.
4
Calculate the greatest common factor of 95381 and 77792.
143
What is the highest common divisor of 19149909 and 1767?
93
Calculate the highest common factor of 176 and 91726624.
176
What is the greatest common factor of 22981 and 351918?
343
What is the greatest common factor of 8 and 39049560?
8
Calculate the greatest common divisor of 12354 and 18534.
6
What is the greatest common divisor of 34221 and 85965?
33
Calculate the highest common divisor of 19330 and 301460.
10
Calculate the highest common factor of 2118039 and 19239.
1749
What is the highest common divisor of 2488 and 90744513?
311
Calculate the highest common factor of 5232890 and 1170.
130
What is the highest common factor of 1817145648 and 9?
9
Calculate the greatest common factor of 13240476 and 40284.
108
Calculate the greatest common factor of 94240524 and 336.
84
Calculate the highest common divisor of 109372212 and 2637.
2637
What is the greatest common divisor of 865783490 and 858?
286
Calculate the highest common factor of 693521224 and 44.
44
What is the highest common factor of 225618 and 4154?
62
Calculate the highest common divisor of 57412 and 2999314.
926
Calculate the highest common divisor of 227878823 and 131.
131
Calculate the highest common factor of 3037047 and 17888.
559
Calculate the highest common divisor of 423404071 and 6185.
1237
What is the highest common divisor of 577 and 11511727?
577
What is the highest common divisor of 2373024 and 7046216?
10408
What is the greatest common divisor of 14362 and 9388406?
334
What is the greatest common divisor of 368049144 and 24?
24
What is the greatest common factor of 161650 and 1783450?
2650
Calculate the greatest common divisor of 671571 and 12555.
81
Calculate the highest common divisor of 448901 and 609604.
593
Calculate the greatest common divisor of 4629100 and 3825.
425
What is the greatest common factor of 176 and 18292967?
11
What is the greatest common factor of 53908526 and 25705?
5141
Calculate the highe